3).
-2
Let u(i) = -2*i**3 + 41*i**2 + 60*i - 1594. Give u(20).
6
Let b(l) = 22*l**2 - 183*l - 12. What is b(5)?
-377
Let w(i) = -2800*i - 22393. Determine w(-8).
7
Let t(w) = w**3 - 10*w**2 + 9*w - 2. Calculate t(9).
-2
Let d(o) = -o**3 - 3*o**2 + 15*o - 20. Determine d(-7).
71
Let w(m) = m**3 + 23*m**2 + 32*m - 33. What is w(-21)?
177
Let o(p) = 225*p - 2934. What is o(13)?
-9
Let u(x) = -x**3 + 125*x**2 - 1356*x + 1. Give u(113).
1
Let n(m) = 2*m - 244. What is n(22)?
-200
Let s(f) = 2*f + 16. Calculate s(-15).
-14
Let x(b) = 2*b**3 + 25*b**2 - 13*b - 10. What is x(-13)?
-10
Let r(h) = -9*h**2 + 80*h - 158. Determine r(3).
1
Let d(g) = 94*g - 8901. What is d(95)?
29
Let d(x) = 184*x**2 + 924*x + 14. Calculate d(-5).
-6
Let c(d) = -d**3 + 55*d + 150. Determine c(-5).
0
Let w(a) = -59*a**2 - 476*a + 11. Give w(-8).
43
Let b(k) = -13*k**3 - 2*k**2 - 3*k + 3. Determine b(1).
-15
Let p(j) = 4*j**3 - 46*j**2 + 20*j + 14. What is p(11)?
-8
Let x(l) = -4*l**2 + 43*l - 27. Calculate x(12).
-87
Let k(g) = -22*g**3 + 2465*g**2 - 113*g + 125. Calculate k(112).
13
Let h(a) = 19*a**2 - 2*a + 19. Determine h(-4).
331
Let c(t) = 1458*t + 36459. Calculate c(-25).
9
Let g(k) = -k**2 - 76*k + 2523. Give g(-101).
-2
Let t(g) = g**3 + 59*g**2 - 85*g - 1502. Determine t(-60).
-2
Let q(x) = x**3 - 3*x**2 + 21*x + 102. Calculate q(0).
102
Let l(n) = -3*n**2 - 85*n + 44. What is l(-29)?
-14
Let f(d) = 46*d + 773. What is f(-20)?
-147
Let z(w) = w**3 + 20*w**2 + 100*w + 4. Calculate z(-9).
-5
Let z(c) = -273*c - 13652. Calculate z(-50).
-2
Let b(f) = 185*f - 21875. Determine b(118).
-45
Let q(z) = -z**2 + 1245*z + 11295. Calculate q(-9).
9
Let u(n) = 2*n**2 + 23*n - 171. Give u(5).
-6
Let q(o) = 360*o + 8274. Determine q(-23).
-6
Let c(j) = -2*j**3 + 89*j**2 - 43*j - 44. What is c(44)?
0
Let l(w) = 5*w**2 - 24*w + 9. What is l(7)?
86
Let u(w) = -17*w**3 + 14*w**2 - 55*w + 41. What is u(1)?
-17
Let z(m) = 137*m + 2290. What is z(-17)?
-39
Let z(n) = -n**3 - 10*n**2 - 33*n - 55. Calculate z(-6).
-1
Let t(u) = 8*u**2 + 104*u + 336. Give t(-6).
0
Let g(x) = -4726*x - 18897. What is g(-4)?
7
Let d(m) = -97*m + 1738. What is d(18)?
-8
Let m(q) = -20*q + 44. Determine m(2).
4
Let n(p) = -3*p**3 + 252*p**2 + 260*p - 416. Calculate n(85).
9
Let c(m) = 731*m + 5132. What is c(-7)?
15
Let l(m) = -m**3 - 6*m**2 + 13*m + 95. What is l(-5)?
5
Let x(i) = -25*i - 1231. Determine x(-20).
-731
Let q(a) = a**2 - 69*a + 160. What is q(68)?
92
Let i(l) = 1846*l - 1844. Give i(1).
2
Let h(y) = 582*y - 30. What is h(2)?
1134
Let a(b) = -4*b**2 - 219*b + 31. Calculate a(-53).
402
Let a(z) = 4*z**2 - 81*z - 584. Calculate a(26).
14
Let w(k) = 2*k**2 - 76*k + 130. Give w(41).
376
Let a(u) = 3*u**2 - 26*u - 64. What is a(10)?
-24
Let t(c) = 87*c - 1582. Determine t(19).
71
Let u(d) = 88*d - 1902. Calculate u(20).
-142
Let d(t) = -3192*t + 175566. What is d(55)?
6
Let d(o) = -137*o + 2310. Determine d(17).
-19
Let t(x) = -29*x**3 + 2*x**2 + 64*x + 64. Give t(-1).
31
Let h(m) = m**3 - 9*m**2 - 41*m + 81. Calculate h(-5).
-64
Let l(p) = p**3 - 76*p**2 - 239*p + 164. Calculate l(79).
6
Let a(t) = -t**2 + 55*t + 53. What is a(-12)?
-751
Let n(l) = 27*l - 146. What is n(6)?
16
Let i(t) = 5*t**2 - 21*t - 95. Calculate i(-7).
297
Let k(v) = -61*v + 5848. Give k(96).
-8
Let g(m) = 77*m**3 - 5*m**2 - 67*m - 61. Give g(-1).
-76
Let b(p) = -28*p + 441. Give b(14).
49
Let g(k) = -k**3 - 37*k**2 + 121*k + 79. Calculate g(-40).
39
Let o(j) = -26*j**2 - 756*j - 39. What is o(-29)?
19
Let z(i) = -i**2 - 59*i - 287. Give z(-50).
163
Let y(r) = r**3 + 38*r**2 + 41*r + 72. Give y(-37).
-76
Let d(c) = -25*c + 537. Determine d(14).
187
Let u(b) = -2*b**2 + 72*b + 103. Calculate u(38).
-49
Let i(n) = -1203*n + 28878. Calculate i(24).
6
Let x(c) = -17*c**3 - 3450*c**2 + 212*c + 1840. Determine x(-203).
13
Let s(w) = -8*w**2 - 23*w - 49. Calculate s(-3).
-52
Let i(l) = -15*l + 231. Calculate i(33).
-264
Let j(c) = -20*c**3 - 779*c**2 + 52*c + 480. Give j(-39).
-27
Let f(a) = -11*a**2 - 146*a - 482. Determine f(-6).
-2
Let q(s) = -2*s**3 + 24*s**2 + 37*s - 159. Calculate q(13).
-16
Let s(m) = -19*m**3 + 5*m**2 - 8*m - 28. Calculate s(-3).
554
Let b(i) = -4*i**2 - 30*i + 712. What is b(14)?
-492
Let b(d) = 12*d**3 + 194*d**2 + 26*d - 59. Calculate b(-16).
37
Let r(o) = -101*o**2 - 425*o + 1. Give r(-4).
85
Let w(q) = -q**3 + 233*q**2 - 687*q - 653. Calculate w(230).
37
Let c(a) = 19*a**2 - 43*a - 45. What is c(3)?
-3
Let l(d) = d**3 + 8*d**2 + 14*d + 4. Calculate l(-3).
7
Let t(q) = 2592*q - 5183. What is t(2)?
1
Let q(w) = -4*w**2 + 13*w + 132. Give q(-6).
-90
Let f(i) = 42*i + 329. What is f(-9)?
-49
Let z(v) = v**3 + 13*v**2 + 16*v + 43. Give z(-9).
223
Let f(n) = n**3 - 17*n**2 + 5*n + 162. Calculate f(16).
-14
Let k(m) = -8*m**2 - 159*m + 42. What is k(-21)?
-147
Let s(t) = -355*t + 1071. Give s(3).
6
Let w(x) = -x**3 - 141*x**2 + 300*x + 2052. Calculate w(-143).
50
Let m(d) = -d**2 + 8*d + 462. Determine m(-18).
-6
Let l(w) = 88*w - 5623. Give l(64).
9
Let d(c) = -c**3 + 14*c**2 - 45*c + 10. What is d(3)?
-26
Let g(v) = -v + 200. Calculate g(8).
192
Let w(y) = 6*y**2 - 67*y + 261. Determine w(14).
499
Let n(g) = -g**2 + 237*g + 5426. Give n(-21).
8
Let y(p) = -100*p**2 - 18697*p + 576. Give y(-187).
15
Let c(z) = 3*z**3 - 49*z**2 + 19*z - 40. What is c(16)?
8
Let z(g) = 33*g - 3718. Give z(113).
11
Let m(r) = -3*r - 11. Determine m(-22).
55
Let u(k) = -3*k**2 - 137*k - 739. What is u(-6)?
-25
Let w(p) = 6*p**2 + 89*p + 205. What is w(-12)?
1
Let g(w) = -8*w**2 - 110*w - 65. Give g(-15).
-215
Let a(y) = -6*y**2 - 10*y + 93. Give a(-5).
-7
Let l(g) = -g**3 - 7*g**2 - 2*g + 43. Give l(-7).
57
Let l(f) = -22*f**2 + 383*f - 27. Calculate l(17).
126
Let k(b) = -b**3 + b**2 + b - 8. Give k(-6).
238
Let g(z) = z**3 - 59*z**2 - 174*z - 101. Determine g(62).
643
Let y(i) = 47*i + 359. Calculate y(-9).
-64
Let c(n) = -4*n - 967. What is c(31)?
-1091
Let i(n) = 13*n - 28. Give i(1).
-15
Let l(j) = -j - 63. What is l(-43)?
-20
Let o(q) = 2*q**3 + 17*q**2 - 5*q + 47. Calculate o(-9).
11
Let v(j) = -16*j + 20. Determine v(-4).
84
Let p(c) = -20*c**3 - 57*c**2 + 20*c + 42. Calculate p(-3).
9
Let x(r) = r**3 + 37*r**2 + 303*r - 29. Calculate x(-16).
499
Let t(u) = 11*u - 142. Determine t(12).
-10
Let y(d) = 32*d - 250. Calculate y(6).
-58
Let d(s) = -s**3 + 58*s**2 - 3*s + 146. Determine d(58).
-28
Let o(l) = -142*l + 1982. Determine o(14).
-6
Let u(r) = 40*r - 1737. What is u(47)?
143
Let o(t) = 2*t**3 + 2*t**2 + 13*t + 7. Give o(-2).
-27
Let s(p) = -p**3 - 7*p**2 - 3*p + 30. Determine s(-4).
-6
Let o(w) = -w**3 + 18*w**2 + 108*w - 1924. Calculate o(18).
20
Let a(d) = d**3 + 18*d**2 + d + 41. Calculate a(-18).
23
Let a(o) = -o**3 - 2*o**2 + 62*o - 60. What is a(1)?
-1
Let y(k) = k**3 + 5*k**2 - 190*k - 1366. Calculate y(-8).
-38
Let p(h) = 17*h + 610. Calculate p(-10).
440
Let h(c) = 6*c**2 - 249*c - 759. Determine h(-3).
42
Let i(b) = -7*b**2 - 200*b + 86. Determine i(-29).
-1
Let k(b) = -221*b - 565. Give k(-3).
98
Let p(o) = 18*o**2 - 1129*o - 312. Give p(63).
3
Let o(w) = -w**3 - 16*w**2 + 51*w + 567. Determine o(-17).
-11
Let f(u) = -140*u - 804. Give f(-6).
36
Let b(y) = y**3 + 10*y**2 + 11*y + 195. Calculate b(-11).
-47
Let x(r) = -r**3 + 21*r**2 - 31*r + 168. Determine x(20).
-52
Let t(b) = -b**2 - 1367*b - 10900. What is t(-8)?
-28
Let q(b) = 4*b**2 + 8*b - 166. What is q(7)?
86
Let h(f) = -3*f**3 + 27*f**2 - 34*f - 55. Calculate h(6).
65
Let b(m) = m**3 - 14*m**2 - 7*m - 52. Determine b(13).
-312
Let o(z) = -z**2 - 40*z - 25. What is o(-30)?
275
Let v(f) = -1308*f + 39240. What is v(30)?
0
Let x(s) = -s**3 + 13*s**2 - 56*s + 266. What is x(10)?
6
Let i(z) = -2*z**3 - 18*z**2 + 23*z + 18. Give i(-10).
-12
Let d(q) = 162*q - 5830. Give d(36).
2
Let u(x) = -x**3 + x**2 + 341*x - 18. Give u(-18).
0
Let b(c) = -c**2 - 133*c + 683. What is b(-138)?
-7
Let j(o) = -2*o**3 - 9*o**2 - 16*o + 46. What is j(-7)?
403
Let s(y) = -29*y**2 + 25*y - 48. What is s(3)?
-234
Let i(h) = 6*h**2 + 47. Determine i(-6).
263
Let f(x) = 29*x**2 - 1334*x. Calculate f(46).
0
Let m(c) = -23*c - 100. What is m(5)?
-215
Let c(f) = f**3 - 34*f**2 - 157*f + 3051. What is c(36)?
-9
Let v(g) = g**3 + 40*g**2 - 164*g + 459. What is v(-44)?
-69
Let t(v